{"id":2735,"date":"2024-08-05T04:37:30","date_gmt":"2024-08-05T07:37:30","guid":{"rendered":"https:\/\/culturacruzeiro.com.br\/index.php\/lpg-dois\/o-bosque-das-imaginacoes\/"},"modified":"2024-08-05T04:37:30","modified_gmt":"2024-08-05T07:37:30","slug":"o-bosque-das-imaginacoes","status":"publish","type":"lpg-dois","link":"https:\/\/culturacruzeiro.com.br\/index.php\/lpg-dois\/o-bosque-das-imaginacoes\/","title":{"rendered":"O Bosque das Imagina\u00e7\u00f5es"},"content":{"rendered":"<p>O projeto &#8220;O Bosque das Imagina\u00e7\u00f5es&#8221;, trata-se de uma Curta de Anima\u00e7\u00e3o 2D, com at\u00e9 15 minutos de dura\u00e7\u00e3o, que sera produzido com t\u00e9cnicas de computa\u00e7\u00e3o gr\u00e1fica. No g\u00eanero de fantasia direcionado para o p\u00fablico infantil.<\/p>\n<p>A obra tem por objetivo homenagear o saudoso Sr Carlos Magina Filho, conhecido como Seu Magina, que idealizou em parceria com a&nbsp; Prefeitura a constru\u00e7\u00e3o e opera\u00e7\u00e3o do Bosque Municipal Cruzeiro. Local onde gera\u00e7\u00f5es viveram momentos de divers\u00e3o e contempla\u00e7\u00e3o da natureza.<\/p>\n<p>Convidamos a uma jornada fant\u00e1stica com a protagonista ,a menina Ci\u00e7a e os&nbsp; gigantes de lata que sua gra\u00e7as a imagina\u00e7\u00e3o dela ganham vida e juntos vivem grandes aventuras desvendando um universo m\u00e1gico e misterioso. Esse \u00e9 &#8220;O Bosque das Imagina\u00e7\u00f5es&#8221;.&nbsp;<\/p>\n<p><\/p>\n","protected":false},"template":"","lpg-dois-de-dois-mil-e-vinte-e-q":[],"acf":[],"yoast_head":"<!-- This site is optimized with the Yoast SEO plugin v22.3 - https:\/\/yoast.com\/wordpress\/plugins\/seo\/ -->\n<title>O Bosque das Imagina\u00e7\u00f5es - Secretaria de Cultura de Cruzeiro<\/title>\n<meta name=\"robots\" content=\"noindex, follow, max-snippet:-1, max-image-preview:large, max-video-preview:-1\" \/>\n<meta property=\"og:locale\" content=\"pt_BR\" \/>\n<meta property=\"og:type\" content=\"article\" \/>\n<meta property=\"og:title\" content=\"O Bosque das Imagina\u00e7\u00f5es - Secretaria de Cultura de Cruzeiro\" \/>\n<meta property=\"og:description\" content=\"O projeto &#8220;O Bosque das Imagina\u00e7\u00f5es&#8221;, trata-se de uma Curta de Anima\u00e7\u00e3o 2D, com at\u00e9 15 minutos de dura\u00e7\u00e3o, que sera produzido com t\u00e9cnicas de computa\u00e7\u00e3o gr\u00e1fica. No g\u00eanero de fantasia direcionado para o p\u00fablico infantil. A obra tem por objetivo homenagear o saudoso Sr Carlos Magina Filho, conhecido como Seu Magina, que idealizou em [&hellip;]\" \/>\n<meta property=\"og:url\" content=\"https:\/\/culturacruzeiro.com.br\/index.php\/lpg-dois\/o-bosque-das-imaginacoes\/\" \/>\n<meta property=\"og:site_name\" content=\"Secretaria de Cultura de Cruzeiro\" \/>\n<meta name=\"twitter:card\" content=\"summary_large_image\" \/>\n<meta name=\"twitter:label1\" content=\"Est. tempo de leitura\" \/>\n\t<meta name=\"twitter:data1\" content=\"1 minuto\" \/>\n<script type=\"application\/ld+json\" class=\"yoast-schema-graph\">{\"@context\":\"https:\/\/schema.org\",\"@graph\":[{\"@type\":\"WebPage\",\"@id\":\"https:\/\/culturacruzeiro.com.br\/index.php\/lpg-dois\/o-bosque-das-imaginacoes\/\",\"url\":\"https:\/\/culturacruzeiro.com.br\/index.php\/lpg-dois\/o-bosque-das-imaginacoes\/\",\"name\":\"O Bosque das Imagina\u00e7\u00f5es - Secretaria de Cultura de Cruzeiro\",\"isPartOf\":{\"@id\":\"https:\/\/culturacruzeiro.com.br\/#website\"},\"datePublished\":\"2024-08-05T07:37:30+00:00\",\"dateModified\":\"2024-08-05T07:37:30+00:00\",\"breadcrumb\":{\"@id\":\"https:\/\/culturacruzeiro.com.br\/index.php\/lpg-dois\/o-bosque-das-imaginacoes\/#breadcrumb\"},\"inLanguage\":\"pt-BR\",\"potentialAction\":[{\"@type\":\"ReadAction\",\"target\":[\"https:\/\/culturacruzeiro.com.br\/index.php\/lpg-dois\/o-bosque-das-imaginacoes\/\"]}]},{\"@type\":\"BreadcrumbList\",\"@id\":\"https:\/\/culturacruzeiro.com.br\/index.php\/lpg-dois\/o-bosque-das-imaginacoes\/#breadcrumb\",\"itemListElement\":[{\"@type\":\"ListItem\",\"position\":1,\"name\":\"In\u00edcio\",\"item\":\"https:\/\/culturacruzeiro.com.br\/\"},{\"@type\":\"ListItem\",\"position\":2,\"name\":\"LPG DOIS\",\"item\":\"https:\/\/culturacruzeiro.com.br\/index.php\/lpg-dois\/\"},{\"@type\":\"ListItem\",\"position\":3,\"name\":\"O Bosque das Imagina\u00e7\u00f5es\"}]},{\"@type\":\"WebSite\",\"@id\":\"https:\/\/culturacruzeiro.com.br\/#website\",\"url\":\"https:\/\/culturacruzeiro.com.br\/\",\"name\":\"Secretaria de Cultura de Cruzeiro\",\"description\":\"\",\"potentialAction\":[{\"@type\":\"SearchAction\",\"target\":{\"@type\":\"EntryPoint\",\"urlTemplate\":\"https:\/\/culturacruzeiro.com.br\/?s={search_term_string}\"},\"query-input\":\"required name=search_term_string\"}],\"inLanguage\":\"pt-BR\"}]}<\/script>\n<!-- \/ Yoast SEO plugin. -->","yoast_head_json":{"title":"O Bosque das Imagina\u00e7\u00f5es - Secretaria de Cultura de Cruzeiro","robots":{"index":"noindex","follow":"follow","max-snippet":"max-snippet:-1","max-image-preview":"max-image-preview:large","max-video-preview":"max-video-preview:-1"},"og_locale":"pt_BR","og_type":"article","og_title":"O Bosque das Imagina\u00e7\u00f5es - Secretaria de Cultura de Cruzeiro","og_description":"O projeto &#8220;O Bosque das Imagina\u00e7\u00f5es&#8221;, trata-se de uma Curta de Anima\u00e7\u00e3o 2D, com at\u00e9 15 minutos de dura\u00e7\u00e3o, que sera produzido com t\u00e9cnicas de computa\u00e7\u00e3o gr\u00e1fica. No g\u00eanero de fantasia direcionado para o p\u00fablico infantil. A obra tem por objetivo homenagear o saudoso Sr Carlos Magina Filho, conhecido como Seu Magina, que idealizou em [&hellip;]","og_url":"https:\/\/culturacruzeiro.com.br\/index.php\/lpg-dois\/o-bosque-das-imaginacoes\/","og_site_name":"Secretaria de Cultura de Cruzeiro","twitter_card":"summary_large_image","twitter_misc":{"Est. tempo de leitura":"1 minuto"},"schema":{"@context":"https:\/\/schema.org","@graph":[{"@type":"WebPage","@id":"https:\/\/culturacruzeiro.com.br\/index.php\/lpg-dois\/o-bosque-das-imaginacoes\/","url":"https:\/\/culturacruzeiro.com.br\/index.php\/lpg-dois\/o-bosque-das-imaginacoes\/","name":"O Bosque das Imagina\u00e7\u00f5es - Secretaria de Cultura de Cruzeiro","isPartOf":{"@id":"https:\/\/culturacruzeiro.com.br\/#website"},"datePublished":"2024-08-05T07:37:30+00:00","dateModified":"2024-08-05T07:37:30+00:00","breadcrumb":{"@id":"https:\/\/culturacruzeiro.com.br\/index.php\/lpg-dois\/o-bosque-das-imaginacoes\/#breadcrumb"},"inLanguage":"pt-BR","potentialAction":[{"@type":"ReadAction","target":["https:\/\/culturacruzeiro.com.br\/index.php\/lpg-dois\/o-bosque-das-imaginacoes\/"]}]},{"@type":"BreadcrumbList","@id":"https:\/\/culturacruzeiro.com.br\/index.php\/lpg-dois\/o-bosque-das-imaginacoes\/#breadcrumb","itemListElement":[{"@type":"ListItem","position":1,"name":"In\u00edcio","item":"https:\/\/culturacruzeiro.com.br\/"},{"@type":"ListItem","position":2,"name":"LPG DOIS","item":"https:\/\/culturacruzeiro.com.br\/index.php\/lpg-dois\/"},{"@type":"ListItem","position":3,"name":"O Bosque das Imagina\u00e7\u00f5es"}]},{"@type":"WebSite","@id":"https:\/\/culturacruzeiro.com.br\/#website","url":"https:\/\/culturacruzeiro.com.br\/","name":"Secretaria de Cultura de Cruzeiro","description":"","potentialAction":[{"@type":"SearchAction","target":{"@type":"EntryPoint","urlTemplate":"https:\/\/culturacruzeiro.com.br\/?s={search_term_string}"},"query-input":"required name=search_term_string"}],"inLanguage":"pt-BR"}]}},"_links":{"self":[{"href":"https:\/\/culturacruzeiro.com.br\/index.php\/wp-json\/wp\/v2\/lpg-dois\/2735"}],"collection":[{"href":"https:\/\/culturacruzeiro.com.br\/index.php\/wp-json\/wp\/v2\/lpg-dois"}],"about":[{"href":"https:\/\/culturacruzeiro.com.br\/index.php\/wp-json\/wp\/v2\/types\/lpg-dois"}],"wp:attachment":[{"href":"https:\/\/culturacruzeiro.com.br\/index.php\/wp-json\/wp\/v2\/media?parent=2735"}],"wp:term":[{"taxonomy":"lpg-dois-de-dois-mil-e-vinte-e-q","embeddable":true,"href":"https:\/\/culturacruzeiro.com.br\/index.php\/wp-json\/wp\/v2\/lpg-dois-de-dois-mil-e-vinte-e-q?post=2735"}],"curies":[{"name":"wp","href":"https:\/\/api.w.org\/{rel}","templated":true}]}}

O Bosque das Imaginações

<p>O projeto &#8220;O Bosque das Imaginações&#8221;, trata-se de uma Curta de Animação 2D, com até 15 minutos de duração, que sera produzido com técnicas de computação gráfica. No gênero de fantasia direcionado para o público infantil.</p>
<p>A obra tem por objetivo homenagear o saudoso Sr Carlos Magina Filho, conhecido como Seu Magina, que idealizou em parceria com a&nbsp; Prefeitura a construção e operação do Bosque Municipal Cruzeiro. Local onde gerações viveram momentos de diversão e contemplação da natureza.</p>
<p>Convidamos a uma jornada fantástica com a protagonista ,a menina Ciça e os&nbsp; gigantes de lata que sua graças a imaginação dela ganham vida e juntos vivem grandes aventuras desvendando um universo mágico e misterioso. Esse é &#8220;O Bosque das Imaginações&#8221;.&nbsp;</p>
<p></p>

<!-- This site is optimized with the Yoast SEO plugin v22.3 - https://yoast.com/wordpress/plugins/seo/ -->
<title>O Bosque das Imaginações - Secretaria de Cultura de Cruzeiro</title>
<meta name="robots" content="noindex, follow, max-snippet:-1, max-image-preview:large, max-video-preview:-1" />
<meta property="og:locale" content="pt_BR" />
<meta property="og:type" content="article" />
<meta property="og:title" content="O Bosque das Imaginações - Secretaria de Cultura de Cruzeiro" />
<meta property="og:description" content="O projeto &#8220;O Bosque das Imaginações&#8221;, trata-se de uma Curta de Animação 2D, com até 15 minutos de duração, que sera produzido com técnicas de computação gráfica. No gênero de fantasia direcionado para o público infantil. A obra tem por objetivo homenagear o saudoso Sr Carlos Magina Filho, conhecido como Seu Magina, que idealizou em [&hellip;]" />
<meta property="og:url" content="https://culturacruzeiro.com.br/index.php/lpg-dois/o-bosque-das-imaginacoes/" />
<meta property="og:site_name" content="Secretaria de Cultura de Cruzeiro" />
<meta name="twitter:card" content="summary_large_image" />
<meta name="twitter:label1" content="Est. tempo de leitura" />
	<meta name="twitter:data1" content="1 minuto" />
<script type="application/ld+json" class="yoast-schema-graph">{"@context":"https://schema.org","@graph":[{"@type":"WebPage","@id":"https://culturacruzeiro.com.br/index.php/lpg-dois/o-bosque-das-imaginacoes/","url":"https://culturacruzeiro.com.br/index.php/lpg-dois/o-bosque-das-imaginacoes/","name":"O Bosque das Imaginações - Secretaria de Cultura de Cruzeiro","isPartOf":{"@id":"https://culturacruzeiro.com.br/#website"},"datePublished":"2024-08-05T07:37:30+00:00","dateModified":"2024-08-05T07:37:30+00:00","breadcrumb":{"@id":"https://culturacruzeiro.com.br/index.php/lpg-dois/o-bosque-das-imaginacoes/#breadcrumb"},"inLanguage":"pt-BR","potentialAction":[{"@type":"ReadAction","target":["https://culturacruzeiro.com.br/index.php/lpg-dois/o-bosque-das-imaginacoes/"]}]},{"@type":"BreadcrumbList","@id":"https://culturacruzeiro.com.br/index.php/lpg-dois/o-bosque-das-imaginacoes/#breadcrumb","itemListElement":[{"@type":"ListItem","position":1,"name":"Início","item":"https://culturacruzeiro.com.br/"},{"@type":"ListItem","position":2,"name":"LPG DOIS","item":"https://culturacruzeiro.com.br/index.php/lpg-dois/"},{"@type":"ListItem","position":3,"name":"O Bosque das Imaginações"}]},{"@type":"WebSite","@id":"https://culturacruzeiro.com.br/#website","url":"https://culturacruzeiro.com.br/","name":"Secretaria de Cultura de Cruzeiro","description":"","potentialAction":[{"@type":"SearchAction","target":{"@type":"EntryPoint","urlTemplate":"https://culturacruzeiro.com.br/?s={search_term_string}"},"query-input":"required name=search_term_string"}],"inLanguage":"pt-BR"}]}</script>
<!-- / Yoast SEO plugin. -->

O Bosque das Imaginações - Secretaria de Cultura de Cruzeiro

O projeto &#8220;O Bosque das Imaginações&#8221;, trata-se de uma Curta de Animação 2D, com até 15 minutos de duração, que sera produzido com técnicas de computação gráfica. No gênero de fantasia direcionado para o público infantil. A obra tem por objetivo homenagear o saudoso Sr Carlos Magina Filho, conhecido como Seu Magina, que idealizou em [&hellip;]

Início
