{"id":2802,"date":"2024-08-20T18:03:18","date_gmt":"2024-08-20T21:03:18","guid":{"rendered":"https:\/\/culturacruzeiro.com.br\/index.php\/lpg-dois\/festival-das-batidas\/"},"modified":"2024-08-20T18:03:18","modified_gmt":"2024-08-20T21:03:18","slug":"festival-das-batidas","status":"publish","type":"lpg-dois","link":"https:\/\/culturacruzeiro.com.br\/index.php\/lpg-dois\/festival-das-batidas\/","title":{"rendered":"Festival das Batidas"},"content":{"rendered":"<p class=\"MsoNormal\" style=\"text-align:justify\"><strong>Resumo do Projeto: Festival das Batidas<\/strong><\/p>\n<p class=\"MsoNormal\" style=\"text-align:justify\"><\/p>\n<p class=\"MsoNormal\" style=\"text-align:justify\">O Festival das Batidas \u00e9 um evento que celebra a cultura preta e os ritmos pretos, promovendo a valoriza\u00e7\u00e3o da cultura negra em Cruzeiro\/SP. Nesta edi\u00e7\u00e3o, o funk ser\u00e1 o grande destaque, com um dia de atividades que inclui um show de funk de um artista renomado do funk consciente e uma palestra sobre a hist\u00f3ria desse g\u00eanero musical. O objetivo \u00e9 educar o p\u00fablico sobre as origens e a import\u00e2ncia do funk como um dos principais ritmos da cultura negra contempor\u00e2nea, al\u00e9m de proporcionar entretenimento, inclus\u00e3o social e fortalecimento da identidade cultural. Realizado no Museu Major Novaes, o festival tamb\u00e9m visa promover o desenvolvimento local e o turismo cultural na cidade.<\/p>\n","protected":false},"template":"","lpg-dois-de-dois-mil-e-vinte-e-q":[],"acf":[],"yoast_head":"<!-- This site is optimized with the Yoast SEO plugin v22.3 - https:\/\/yoast.com\/wordpress\/plugins\/seo\/ -->\n<title>Festival das Batidas - Secretaria de Cultura de Cruzeiro<\/title>\n<meta name=\"robots\" content=\"noindex, follow, max-snippet:-1, max-image-preview:large, max-video-preview:-1\" \/>\n<meta property=\"og:locale\" content=\"pt_BR\" \/>\n<meta property=\"og:type\" content=\"article\" \/>\n<meta property=\"og:title\" content=\"Festival das Batidas - Secretaria de Cultura de Cruzeiro\" \/>\n<meta property=\"og:description\" content=\"Resumo do Projeto: Festival das Batidas O Festival das Batidas \u00e9 um evento que celebra a cultura preta e os ritmos pretos, promovendo a valoriza\u00e7\u00e3o da cultura negra em Cruzeiro\/SP. Nesta edi\u00e7\u00e3o, o funk ser\u00e1 o grande destaque, com um dia de atividades que inclui um show de funk de um artista renomado do funk [&hellip;]\" \/>\n<meta property=\"og:url\" content=\"https:\/\/culturacruzeiro.com.br\/index.php\/lpg-dois\/festival-das-batidas\/\" \/>\n<meta property=\"og:site_name\" content=\"Secretaria de Cultura de Cruzeiro\" \/>\n<meta name=\"twitter:card\" content=\"summary_large_image\" \/>\n<meta name=\"twitter:label1\" content=\"Est. tempo de leitura\" \/>\n\t<meta name=\"twitter:data1\" content=\"1 minuto\" \/>\n<script type=\"application\/ld+json\" class=\"yoast-schema-graph\">{\"@context\":\"https:\/\/schema.org\",\"@graph\":[{\"@type\":\"WebPage\",\"@id\":\"https:\/\/culturacruzeiro.com.br\/index.php\/lpg-dois\/festival-das-batidas\/\",\"url\":\"https:\/\/culturacruzeiro.com.br\/index.php\/lpg-dois\/festival-das-batidas\/\",\"name\":\"Festival das Batidas - Secretaria de Cultura de Cruzeiro\",\"isPartOf\":{\"@id\":\"https:\/\/culturacruzeiro.com.br\/#website\"},\"datePublished\":\"2024-08-20T21:03:18+00:00\",\"dateModified\":\"2024-08-20T21:03:18+00:00\",\"breadcrumb\":{\"@id\":\"https:\/\/culturacruzeiro.com.br\/index.php\/lpg-dois\/festival-das-batidas\/#breadcrumb\"},\"inLanguage\":\"pt-BR\",\"potentialAction\":[{\"@type\":\"ReadAction\",\"target\":[\"https:\/\/culturacruzeiro.com.br\/index.php\/lpg-dois\/festival-das-batidas\/\"]}]},{\"@type\":\"BreadcrumbList\",\"@id\":\"https:\/\/culturacruzeiro.com.br\/index.php\/lpg-dois\/festival-das-batidas\/#breadcrumb\",\"itemListElement\":[{\"@type\":\"ListItem\",\"position\":1,\"name\":\"In\u00edcio\",\"item\":\"https:\/\/culturacruzeiro.com.br\/\"},{\"@type\":\"ListItem\",\"position\":2,\"name\":\"LPG DOIS\",\"item\":\"https:\/\/culturacruzeiro.com.br\/index.php\/lpg-dois\/\"},{\"@type\":\"ListItem\",\"position\":3,\"name\":\"Festival das Batidas\"}]},{\"@type\":\"WebSite\",\"@id\":\"https:\/\/culturacruzeiro.com.br\/#website\",\"url\":\"https:\/\/culturacruzeiro.com.br\/\",\"name\":\"Secretaria de Cultura de Cruzeiro\",\"description\":\"\",\"potentialAction\":[{\"@type\":\"SearchAction\",\"target\":{\"@type\":\"EntryPoint\",\"urlTemplate\":\"https:\/\/culturacruzeiro.com.br\/?s={search_term_string}\"},\"query-input\":\"required name=search_term_string\"}],\"inLanguage\":\"pt-BR\"}]}<\/script>\n<!-- \/ Yoast SEO plugin. -->","yoast_head_json":{"title":"Festival das Batidas - Secretaria de Cultura de Cruzeiro","robots":{"index":"noindex","follow":"follow","max-snippet":"max-snippet:-1","max-image-preview":"max-image-preview:large","max-video-preview":"max-video-preview:-1"},"og_locale":"pt_BR","og_type":"article","og_title":"Festival das Batidas - Secretaria de Cultura de Cruzeiro","og_description":"Resumo do Projeto: Festival das Batidas O Festival das Batidas \u00e9 um evento que celebra a cultura preta e os ritmos pretos, promovendo a valoriza\u00e7\u00e3o da cultura negra em Cruzeiro\/SP. Nesta edi\u00e7\u00e3o, o funk ser\u00e1 o grande destaque, com um dia de atividades que inclui um show de funk de um artista renomado do funk [&hellip;]","og_url":"https:\/\/culturacruzeiro.com.br\/index.php\/lpg-dois\/festival-das-batidas\/","og_site_name":"Secretaria de Cultura de Cruzeiro","twitter_card":"summary_large_image","twitter_misc":{"Est. tempo de leitura":"1 minuto"},"schema":{"@context":"https:\/\/schema.org","@graph":[{"@type":"WebPage","@id":"https:\/\/culturacruzeiro.com.br\/index.php\/lpg-dois\/festival-das-batidas\/","url":"https:\/\/culturacruzeiro.com.br\/index.php\/lpg-dois\/festival-das-batidas\/","name":"Festival das Batidas - Secretaria de Cultura de Cruzeiro","isPartOf":{"@id":"https:\/\/culturacruzeiro.com.br\/#website"},"datePublished":"2024-08-20T21:03:18+00:00","dateModified":"2024-08-20T21:03:18+00:00","breadcrumb":{"@id":"https:\/\/culturacruzeiro.com.br\/index.php\/lpg-dois\/festival-das-batidas\/#breadcrumb"},"inLanguage":"pt-BR","potentialAction":[{"@type":"ReadAction","target":["https:\/\/culturacruzeiro.com.br\/index.php\/lpg-dois\/festival-das-batidas\/"]}]},{"@type":"BreadcrumbList","@id":"https:\/\/culturacruzeiro.com.br\/index.php\/lpg-dois\/festival-das-batidas\/#breadcrumb","itemListElement":[{"@type":"ListItem","position":1,"name":"In\u00edcio","item":"https:\/\/culturacruzeiro.com.br\/"},{"@type":"ListItem","position":2,"name":"LPG DOIS","item":"https:\/\/culturacruzeiro.com.br\/index.php\/lpg-dois\/"},{"@type":"ListItem","position":3,"name":"Festival das Batidas"}]},{"@type":"WebSite","@id":"https:\/\/culturacruzeiro.com.br\/#website","url":"https:\/\/culturacruzeiro.com.br\/","name":"Secretaria de Cultura de Cruzeiro","description":"","potentialAction":[{"@type":"SearchAction","target":{"@type":"EntryPoint","urlTemplate":"https:\/\/culturacruzeiro.com.br\/?s={search_term_string}"},"query-input":"required name=search_term_string"}],"inLanguage":"pt-BR"}]}},"_links":{"self":[{"href":"https:\/\/culturacruzeiro.com.br\/index.php\/wp-json\/wp\/v2\/lpg-dois\/2802"}],"collection":[{"href":"https:\/\/culturacruzeiro.com.br\/index.php\/wp-json\/wp\/v2\/lpg-dois"}],"about":[{"href":"https:\/\/culturacruzeiro.com.br\/index.php\/wp-json\/wp\/v2\/types\/lpg-dois"}],"wp:attachment":[{"href":"https:\/\/culturacruzeiro.com.br\/index.php\/wp-json\/wp\/v2\/media?parent=2802"}],"wp:term":[{"taxonomy":"lpg-dois-de-dois-mil-e-vinte-e-q","embeddable":true,"href":"https:\/\/culturacruzeiro.com.br\/index.php\/wp-json\/wp\/v2\/lpg-dois-de-dois-mil-e-vinte-e-q?post=2802"}],"curies":[{"name":"wp","href":"https:\/\/api.w.org\/{rel}","templated":true}]}}

<p class="MsoNormal" style="text-align:justify"><strong>Resumo do Projeto: Festival das Batidas</strong></p>
<p class="MsoNormal" style="text-align:justify"></p>
<p class="MsoNormal" style="text-align:justify">O Festival das Batidas é um evento que celebra a cultura preta e os ritmos pretos, promovendo a valorização da cultura negra em Cruzeiro/SP. Nesta edição, o funk será o grande destaque, com um dia de atividades que inclui um show de funk de um artista renomado do funk consciente e uma palestra sobre a história desse gênero musical. O objetivo é educar o público sobre as origens e a importância do funk como um dos principais ritmos da cultura negra contemporânea, além de proporcionar entretenimento, inclusão social e fortalecimento da identidade cultural. Realizado no Museu Major Novaes, o festival também visa promover o desenvolvimento local e o turismo cultural na cidade.</p>

<!-- This site is optimized with the Yoast SEO plugin v22.3 - https://yoast.com/wordpress/plugins/seo/ -->
<title>Festival das Batidas - Secretaria de Cultura de Cruzeiro</title>
<meta name="robots" content="noindex, follow, max-snippet:-1, max-image-preview:large, max-video-preview:-1" />
<meta property="og:locale" content="pt_BR" />
<meta property="og:type" content="article" />
<meta property="og:title" content="Festival das Batidas - Secretaria de Cultura de Cruzeiro" />
<meta property="og:description" content="Resumo do Projeto: Festival das Batidas O Festival das Batidas é um evento que celebra a cultura preta e os ritmos pretos, promovendo a valorização da cultura negra em Cruzeiro/SP. Nesta edição, o funk será o grande destaque, com um dia de atividades que inclui um show de funk de um artista renomado do funk [&hellip;]" />
<meta property="og:url" content="https://culturacruzeiro.com.br/index.php/lpg-dois/festival-das-batidas/" />
<meta property="og:site_name" content="Secretaria de Cultura de Cruzeiro" />
<meta name="twitter:card" content="summary_large_image" />
<meta name="twitter:label1" content="Est. tempo de leitura" />
	<meta name="twitter:data1" content="1 minuto" />
<script type="application/ld+json" class="yoast-schema-graph">{"@context":"https://schema.org","@graph":[{"@type":"WebPage","@id":"https://culturacruzeiro.com.br/index.php/lpg-dois/festival-das-batidas/","url":"https://culturacruzeiro.com.br/index.php/lpg-dois/festival-das-batidas/","name":"Festival das Batidas - Secretaria de Cultura de Cruzeiro","isPartOf":{"@id":"https://culturacruzeiro.com.br/#website"},"datePublished":"2024-08-20T21:03:18+00:00","dateModified":"2024-08-20T21:03:18+00:00","breadcrumb":{"@id":"https://culturacruzeiro.com.br/index.php/lpg-dois/festival-das-batidas/#breadcrumb"},"inLanguage":"pt-BR","potentialAction":[{"@type":"ReadAction","target":["https://culturacruzeiro.com.br/index.php/lpg-dois/festival-das-batidas/"]}]},{"@type":"BreadcrumbList","@id":"https://culturacruzeiro.com.br/index.php/lpg-dois/festival-das-batidas/#breadcrumb","itemListElement":[{"@type":"ListItem","position":1,"name":"Início","item":"https://culturacruzeiro.com.br/"},{"@type":"ListItem","position":2,"name":"LPG DOIS","item":"https://culturacruzeiro.com.br/index.php/lpg-dois/"},{"@type":"ListItem","position":3,"name":"Festival das Batidas"}]},{"@type":"WebSite","@id":"https://culturacruzeiro.com.br/#website","url":"https://culturacruzeiro.com.br/","name":"Secretaria de Cultura de Cruzeiro","description":"","potentialAction":[{"@type":"SearchAction","target":{"@type":"EntryPoint","urlTemplate":"https://culturacruzeiro.com.br/?s={search_term_string}"},"query-input":"required name=search_term_string"}],"inLanguage":"pt-BR"}]}</script>
<!-- / Yoast SEO plugin. -->

Resumo do Projeto: Festival das Batidas O Festival das Batidas é um evento que celebra a cultura preta e os ritmos pretos, promovendo a valorização da cultura negra em Cruzeiro/SP. Nesta edição, o funk será o grande destaque, com um dia de atividades que inclui um show de funk de um artista renomado do funk [&hellip;]

Início
